d**2 + d + 3. Suppose -4*g + 28 = -4*o - 0, 3*o + 7 = -4*g. Let l(h) = -8 + 2*h + 3*h - 6*h. Let b be l(o). Determine k(b).
0
Let s(d) = d**3 + d**2 - 4*d + 1. Let k(q) = q**2 - q - 1. Let u(f) = -5*f**2 + 14*f + 3. Let z(a) = 6*k(a) + u(a). Let m be z(-8). What is s(m)?
-5
Let t(b) = 5*b - 3. Let d(w) = -10*w + 7. Let g(l) = 3*d(l) + 7*t(l). Calculate g(-2).
-10
Let b = -2 - -22. Suppose 0 = -z + 6*z - b. Let k(d) = -d**2 + 14 + 0*d**2 + 5*d - 13. What is k(z)?
5
Let f(y) = -2*y + y + 5 - 4. Let q(i) = -6*i + 6. Let k(w) = 5*f(w) - q(w). Let c = -53 + 48. What is k(c)?
-6
Let n(b) = -b - 1. Let d be n(-4). Let l(f) = f**3 - 5*f**2 - 9 - d*f**2 + 12*f + 0*f**3 - 4*f. Determine l(7).
-2
Let a(i) = -6 + 4*i - 6*i + i**3 + 0*i - 2*i**2 + 6*i**2. Determine a(-4).
2
Let q(c) be the third derivative of c**7/840 - c**6/72 - 7*c**5/120 + c**4/4 + c**3/2 + 4*c**2. Let n(u) be the first derivative of q(u). Calculate n(6).
0
Suppose 2*w = -6 + 2. Let s be 1/2*w*3. Let l(v) = -v**3 - 3*v**2 - 1. Determine l(s).
-1
Let x(l) = 2*l**2 - 4*l + 3. Let n be x(2). Let t = 9 + -7. Let b(r) = 2*r - 3 + 2 - 8*r**n - 2*r**t + 0*r**2. Determine b(1).
-9
Let d(k) be the second derivative of -k**3/2 - k**2/2 + 11*k. Determine d(-3).
8
Let p(t) = -15*t**3 - 9*t**2 + 11. Let z(q) = -7*q**3 - 5*q**2 + 6. Let x(d) = 6*p(d) - 11*z(d). Determine x(1).
-12
Let c(u) = 9*u - 1. Suppose -3*x + x = 0. Let h = -1 - x. What is c(h)?
-10
Let n(o) = -o + 7. Let l be n(5). Suppose 8*u - l*d = 3*u - 8, -2*d + 2 = -2*u. Let i(f) = -f**2 - f + 2. What is i(u)?
0
Let d = 7 + -4. Let f = -4 + 8. Let c(h) = -h - 4*h**2 + 5*h + 3*h**2 - f - h. Calculate c(d).
-4
Let z(j) = -j - 4. Let a = -23 + 34. Let m(d) = -d**2 + 9*d - 1. Let n(h) = -3*h**2 + 26*h - 2. Let s(y) = 7*m(y) - 2*n(y). Let v be s(a). Calculate z(v).
-1
Let q be 1 + ((-40)/(-5) - 5). Let f(d) be the first derivative of d**4/4 - 4*d**3/3 + 2*d + 2. Give f(q).
2
Let x(a) = -5*a**2 - 2. Let m(b) = 9*b**2 + 3. Let w(s) = -3*m(s) - 5*x(s). Determine w(-2).
-7
Let y(s) = s - 1. Let z(t) = -3*t - 2. Let v(a) = -14*a - 10. Let u(o) = -2*v(o) + 11*z(o). Let b(p) = u(p) + 2*y(p). Calculate b(3).
-13
Let u(f) = f + 2. Suppose -1 = -2*k + 3. Determine u(k).
4
Let j(p) be the first derivative of p**4/4 + 4*p**3/3 - p**2 - 4*p - 5. Give j(-4).
4
Let z(d) = -d**3 - 7*d**2 - 6*d + 3. Let f be (-16)/(-3) - 4/12. Suppose -7*h + f*h = 12. Determine z(h).
3
Let d(v) = 9*v**3 + v - 1. Suppose 4*n + 4*l = 16, n - 2*l + l + 2 = 0. What is d(n)?
9
Let t(u) = -2*u - 23. Let d(m) = m + 11. Let f(x) = 5*d(x) + 2*t(x). Give f(0).
9
Let s(n) = -n - 7. Let a be s(-9). Suppose 3*c = 3*x - 24, -4*x + 25 + a = -3*c. Let v(m) = 0*m**3 - 5*m**3 + 4*m**3 + 5*m**2 - 4 - m. Calculate v(x).
11
Let u = 14 - 16. Let i(g) = 5*g - 1. Determine i(u).
-11
Suppose v - 6 = 2*w, 0 = -0*w + 2*w - 2*v + 4. Let j(z) = 8*z**3 + 2*z**2 + z + 26. Let s(q) = -3*q**3 - q**2 - 9. Let h(n) = -4*j(n) - 11*s(n). What is h(w)?
-5
Suppose -s + 0*s - 14 = -4*d, 0 = -d + 3*s + 9. Let v(b) = -b - 2. What is v(d)?
-5
Suppose 0 = 4*g - 3*t + 11, 4*g - 9*g + t = 0. Let p(v) = -3*v**3. What is p(g)?
-3
Let r(j) = -5*j + 2. Suppose 4 = n + 1. Let b be ((-6)/18)/((-2)/18). Suppose b + 3 = n*p. Calculate r(p).
-8
Let t(c) = -10*c**2 + 8*c + 3. Let w(b) = -3*b**2 + 3*b + 1. Let l(s) = 2*t(s) - 7*w(s). Give l(4).
-5
Suppose 0 = h - 2*h + 4. Suppose -3*r - h*u = -5*r + 10, -4*u = -4*r + 8. Let y(l) = -8*l - 1. What is y(r)?
7
Let d(h) = -5*h**2 - 1. Let l be 3 + 3 - 4/(-2). Suppose -4*v = 2*k + 14, 0 = -3*k - v + 2 - l. Determine d(k).
-6
Let m(i) = -48 + 44 - 16*i - 2*i**2 + 23*i. Determine m(4).
-8
Let o(r) be the second derivative of 0 + r - 2/3*r**3 + r**2. Let g be (4 + -7)*(-2)/(-3). Determine o(g).
10
Suppose -2*f - 5*y + 27 = 0, -4*f + y + 14 = 3*y. Let p(x) = -5*x**2 + 1. What is p(f)?
-4
Let m(j) = 1 - j**2 - 3*j**2 + 2*j**2 + j**2. Suppose -3*k + 5 = -h, -2*k + 22 = 5*h - h. Let q = -2 + k. What is m(q)?
0
Let m(j) = -j**3 + j**2 + 5*j - 2. Let k(c) = -16*c**2 - 5*c + 26. Let g(t) = -3*t**2 - t + 5. Let r(a) = -11*g(a) + 2*k(a). Let v be r(2). Determine m(v).
-5
Let l(q) = -4*q**2 + 2*q - 1. Let k(i) = 3*i**2. Let z be k(-1). Let v = -2 + z. Calculate l(v).
-3
Let s(l) = -4*l**2 - l. Let m(u) = -u + 4. Suppose 0 = -4*k + 1 + 11. Let i be m(k). Calculate s(i).
-5
Let k be (-3)/(-7) - 24/(-42). Let z(d) = -d + d + d + 7*d. Give z(k).
8
Let p(f) = -f**3 + 7*f**2 - 6*f - 5. Let y be p(6). Let q = 1 + y. Let c(z) = z - 1. Give c(q).
-5
Let o = 6 - 8. Let a = o + 5. Let g(u) = a*u**2 - 2*u**2 - 6 + 6*u - u. Calculate g(-5).
-6
Let g(c) = -c - 3. Let m be g(-9). Let b(q) = -q. Let u(y) = 5*y. Let r(j) = -11*b(j) - 2*u(j). Let x(i) = 13*i. Let z(p) = m*r(p) - x(p). Calculate z(-1).
7
Suppose 0 = -4*s + 25 - 5. Suppose -s*n - 3*t = 5, 0 = 5*n - t - 8 - 7. Let k(o) = -2 - o + o + n*o. Calculate k(-2).
-6
Let q(j) be the third derivative of -j**5/60 + 5*j**4/24 - j**3 - j**2. Let u be 10/2 - (-2 - -2). Calculate q(u).
-6
Let v(w) = -3*w - 1. Let n be v(-1). Let r(c) = 0*c**2 - 2*c - c**3 + 0*c**2 - 3*c**n - c**2. Determine r(-3).
-3
Let b(y) = 5*y. Let k = 14 + -9. Suppose -3*r = -k*t + 16, -5*r + 0*r = -3*t + 16. Let f(q) = 135*q. Let u(n) = t*f(n) - 55*b(n). What is u(-1)?
5
Suppose 0 = 2*z - 6*z + 2*f + 18, 29 = 5*z + 4*f. Suppose 0 = z*k + 5*s, -4*k - 1 = -0*k + 3*s. Let p(g) = 14*g**3 + 2*g**2 - 1. Calculate p(k).
-13
Let y(a) = -1 - 2*a - 4*a**2 + a**3 + 4*a + 0*a**2 + 4. Suppose -i - 2 = -6. Give y(i).
11
Let q(u) = u**3 + 3*u**2 + u - 4. Let c(x) = -x**2 + 20*x + 41. Let l be c(22). What is q(l)?
-7
Suppose -5*r + 2 = -3*r. Let s(k) = 9*k - 1. Determine s(r).
8
Let q(k) be the first derivative of -k**2 + 0*k**3 - 2 + 0*k + 1/8*k**4. Let o(g) be the second derivative of q(g). Give o(-2).
-6
Let y = -23 + 18. Let b be y + (1 - (-3 - -5)). Let x(m) = -m**3 - 6*m**2 + m + 7. Determine x(b).
1
Let c(g) = -g**3 + g**2 + 16. Let x be (-3 - (-4 - -3 - 2))*-1. Calculate c(x).
16
Let o(m) = m**3 + 3*m**2 - 7*m - 5. Suppose 2*t = -10, -6 + 23 = -r - 5*t. Let h = 32 - 20. Let y = r - h. Determine o(y).
7
Let s = -11 - -18. Let p(i) = i**3 - 7*i**2 + 2*i - 1. Determine p(s).
13
Let w(g) = -1015*g**2 + 1 + 1017*g**2 + 1. Calculate w(-2).
10
Let z(j) = 4*j. Let w = 4 - 3. Let n be z(w). Suppose -n*p = -f + 4, f - 4*f + p - 10 = 0. Let l(o) = -3*o - 4. Determine l(f).
8
Let l be (4/3)/((-2)/6). Let f be -3 - 0 - (-1)/(-1). Let q = l - f. Let h(p) = -p**2 - p - 7. Give h(q).
-7
Let q(t) = t**3 + t + 1. Let h(i) = 3*i**3 - 6*i**2 - 2*i + 6. Let d(b) = h(b) - 4*q(b). What is d(-5)?
7
Let d = -14 + 18. Suppose -q + d*c + 3 = 0, -c = -q - 0*c. Let p(h) = 11*h**2 - h. What is p(q)?
12
Suppose -3*x = -5*x + 8. Let g(n) be the third derivative of n**4/24 + n**3/6 + 44*n**2. Give g(x).
5
Let z be -3*((-13)/3 - -3). Let f(g) = -2 - 1 + 2 + g**3 + z. Give f(0).
3
Let c(r) be the first derivative of r**3/3 - r + 1. Let q(k) = -k**3 - 2*k**2 + k - 1. Let z be q(-2). Let s = -2 - z. Determine c(s).
0
Let c(u) = -u + 9. Let f(i) = -4. Let r(m) = -2*c(m) - 5*f(m). Let l = 112 - 114. Calculate r(l).
-2
Let d(t) = -t**3 + 7*t**2 + 8*t + 6. Suppose 29 = -6*z + 77. Calculate d(z).
6
Let i(r) be the third derivative of 1/6*r**3 + 0 - 2*r**2 + 1/60*r**5 + 1/120*r**6 + 0*r - 1/12*r**4. Calculate i(-2).
1
Suppose -r - 3 = -2*i, i + 4*r - 4 = 7*r. Let w(a) = 12*a**2 + a - 1. Give w(i).
12
Let y(n) be the second derivative of 2*n + 1/6*n**3 + 0*n**2 + 0 + 1/30*n**5 - 1/24*n**4. Let r(x) be the second derivative of y(x). Determine r(1).
3
Let z(j) be the second derivative of -j**5/20 + 5*j**4/12 + j**3/3 - 2*j**2 + 34*j. Give z(5).
6
Let l(p) = -p + 15. Let k be l(12). Suppose -k*s + 12 = -5*s. Let n(r) = -r**2 - 9*r - 7. What is n(s)?
11
Let g(s) = -s**2 + 6*s - 3. Suppose 4*c = -5*o - 8, -3*o = -5*c - 0*o + 27. What is g(c)?
6
Let p be -4 - (3/6)/(2/(-8)). Suppose 2*r - 2*h = 8, 0 = 6*r - r + h - 8. Let u(c) = 2*c + 4 + 3*c**r + c**3 + 0*c - 2. Determine u(p).
2
Let l be (-1 - 35/(-25)) + (-18)/(-5). Let p(i) = -i**3 + 4*i**2 - i + 5. What is p(l)?
1
Let q(z) = z - 2. Let a(u) = 2*u - 3. Let n(k) = 3*a(k) - 4*q(k). Let b = -21 + 18. Give n(b).
-7
Let z(w) = 4*w**3 + 7*w**2 + 2*w - 9. Let a(m) = -7*m**3 - 14*m**2 - 3*m + 18. Let 